 = 2607 - 857, -2*x = 10. List the prime factors of i.
5, 71
Suppose -5*h = -4*g - 28, 5*h = -g - 0*g + 43. Suppose -r = -h + 2. List the prime factors of r.
2, 3
Let o = 1 + 1. Suppose -2*f = -f - o. List the prime factors of f.
2
Let d(n) = -n - 1. Let z be d(0). What are the prime factors of (-2)/(z*(-2)/(-3))?
3
Let g(k) = -2*k + 6. Let z be g(-6). Suppose 5*j + 4*t - 170 = 3*t, 3*t = 5*j - 190. Let v = j - z. What are the prime factors of v?
17
Suppose 0 = 5*s - v - 9, -2*s + 4 = 5*v - 5. Suppose w + 14 + 36 = 5*b, -2*b + s*w + 28 = 0. List the prime factors of b.
3
Suppose s + 2*s = 45. What are the prime factors of s?
3, 5
Suppose 0 = -8*p + 41 + 383. What are the prime factors of p?
53
Let r(n) = 2*n**2 - 2*n - 4. Let b be r(4). Suppose 3*m = m + b. Let p = m - -11. What are the prime factors of p?
3, 7
Suppose 28 - 5 = o. What are the prime factors of o?
23
Suppose -4*h + 17 - 1 = 0. Let a = -2 + h. Suppose a*w = z + 19, 2*w - 3*z - 41 = -2*w. What are the prime factors of w?
2
Let h(y) = 2*y**3 + 3*y**2 + y + 1. Let r be h(-2). Let s = r + 11. Let g = -4 + s. What are the prime factors of g?
2
Suppose 194 = 5*d - 126. What are the prime factors of d?
2
Suppose -218 - 178 = -3*w + 3*z, -3*w + 5*z + 406 = 0. Suppose 1 = 4*k - w. List the prime factors of k.
2
Let i = -63 - -93. Let o = -42 + i. List the prime factors of 9/o - (-117)/12.
3
Let r = 36 - 29. List the prime factors of r.
7
Let r(j) = j**3 + 6*j**2 + 2. What are the prime factors of r(-6)?
2
Suppose -3*t - 2*k = -0*t - 10, 4*k = 5*t + 20. Suppose -3*h - 2*f + 23 = t, -2*f + 0 = 5*h - 41. List the prime factors of h.
3
Let t = -29 + 50. What are the prime factors of t?
3, 7
Suppose -36 = -4*s - r - 3*r, 2*r = -s + 10. Suppose 4*w = s - 0. Suppose 4*d = -w*q - 0*d - 2, q + 5*d + 10 = 0. List the prime factors of q.
5
Suppose 3*v - 5 = f, -6*f = -f + v + 41. Let j be 1/(-2) + 12/f. What are the prime factors of -5*j*4/5?
2
Suppose 3*v = 40 + 23. List the prime factors of v.
3, 7
Suppose 5*i - 8 = 7. Let l(d) = i + 1 - d + 5. What are the prime factors of l(-7)?
2
Let w = -10 + 33. Suppose 4*t + w = -3*n, -21 - 4 = 2*t - 3*n. List the prime factors of (1*t)/(-2) + 0.
2
Suppose -11*o - 73 = -12*o. What are the prime factors of o?
73
Let l(x) = -14*x + 1. Let k be l(-1). Let m = 10 - k. What are the prime factors of -1 - -1 - (m - 2)?
7
List the prime factors of (4 + -4 - -2) + 42.
2, 11
Suppose 3*t - 2*m - 401 = -m, -5*t + 2*m = -668. What are the prime factors of t?
2, 67
Let b be 0 + 4 - (-5 - -6). Let u be ((-9)/b)/(-1*1). Suppose -46 = -5*h - 3*w, -h + 0*w = u*w - 14. What are the prime factors of h?
2
Suppose 3*p - 4 = 2*p. Suppose 0 = -p*q + 8*q - 52. Let u = q - 1. What are the prime factors of u?
2, 3
Suppose -21 = -j - 12. List the prime factors of j.
3
Suppose 4*v - 28 = 12. Let n = v + 38. Suppose -3*f + n = f. What are the prime factors of f?
2, 3
Suppose 0 = -h + 4*h - 12, -216 = -4*i - 2*h. Let y be (-10)/2*-1*2. List the prime factors of i/y - (-2)/(-10).
5
Suppose -2*q + 75 = q. What are the prime factors of q?
5
Let r(n) = -n**3 - 3*n**2 + 3. What are the prime factors of r(-3)?
3
Let h = 3 + 0. List the prime factors of h.
3
Let t(p) be the third derivative of p**5/60 + p**4/8 + p**3/6 - 7*p**2. Suppose -4*n - 5*c + 2 - 7 = 0, 0 = -5*n - 2*c - 19. What are the prime factors of t(n)?
11
List the prime factors of 2/14 - (-6)/((-294)/(-2443)).
2, 5
Let m(d) be the first derivative of -d**4/4 + 8*d**3/3 - 5*d**2/2 + 3*d - 3. Let s be m(6). Suppose -u = 2*u - s. List the prime factors of u.
3, 5
Suppose 75 + 21 = 4*v. Suppose -z + v = z. List the prime factors of z.
2, 3
What are the prime factors of (80 - -5) + 1 + -2?
2, 3, 7
Suppose -48 = 4*a - 312. What are the prime factors of a?
2, 3, 11
Let u = -1 + -3. Let v = -2 - u. What are the prime factors of v?
2
Suppose -30 = 2*z - 86. What are the prime factors of z?
2, 7
Let a = 12 - -4. Suppose -15*n = -a*n + 5. List the prime factors of n.
5
Let d(u) = 2*u - 13. List the prime factors of d(10).
7
What are the prime factors of 17 - (3 - (5 + -4))?
3, 5
Suppose -2*z - 2*z + 12 = 0. Suppose z*r = -2*h + 4*h - 41, -5*r + 1 = 2*h. What are the prime factors of h?
13
Suppose 9 - 25 = 4*i. Let u = -1 - i. What are the prime factors of u?
3
Let n = -35 + 70. Suppose 0 = -f + 5*f - 8. Suppose 5*k - 3*v - n = 0, -5 = k - v - f*v. What are the prime factors of k?
2, 5
Let p = 37 + -27. List the prime factors of p/(((-3)/12)/(-1)).
2, 5
Let t(r) = r**3 - 11*r**2 - 13*r + 14. List the prime factors of t(12).
2
Suppose -8*v + 36 = -4*v + 4*k, -v = -3*k - 17. What are the prime factors of v?
11
Suppose 0 = 5*h - 523 - 282. List the prime factors of h.
7, 23
Let u(n) = -n**3 + n + 268. What are the prime factors of u(0)?
2, 67
Let l(v) = -v**3 + 7*v**2 - 6*v + 2. Let r be l(6). Suppose -q + 2 = 3, 0 = -2*g - 4*q - 2. Suppose r + g = d. What are the prime factors of d?
3
Suppose -5*r = -4*r. Suppose r = -4*o + 4, 2*a + o = -a + 16. Suppose -p + a = 2*i - 4*p, 4*i = -3*p + 37. List the prime factors of i.
7
Let g = -2 - -2. Suppose g = n + 2*n + 6. What are the prime factors of 2/(-2) + (-6)/n?
2
List the prime factors of (-4)/26 + (-279)/(-39).
7
Let o = 27 - -7. Suppose 3*n + 4*f = o, 4*n + 3*f - 3 = 54. List the prime factors of n.
2, 3
Suppose -5*w + 39 = -16. Let t = w - 8. What are the prime factors of t?
3
Let r(l) = 6*l**2 + 3*l - 5. List the prime factors of r(-4).
79
Let m(q) = -2*q - 23. Let a be m(-10). What are the prime factors of (a - 12/(-5))*-95?
3, 19
Let m = 57 + 66. What are the prime factors of m?
3, 41
Let s(g) = 2*g + 3. List the prime factors of s(10).
23
Let i = -5 - -1. Let t = -9 - i. Let w(v) = -v**3 - 4*v**2 + 4*v - 3. What are the prime factors of w(t)?
2
Let b(l) = -l**2 - 6*l + 5. Let r be b(-5). Let o(f) be the second derivative of f**3/6 - f**2 - f. What are the prime factors of o(r)?
2
Let d = 33 + 2. List the prime factors of d.
5, 7
Suppose -u = -6*u - 2*x + 40, 5*u - 4*x = 40. Let d = 0 + u. List the prime factors of d.
2
Let j = 31 - 5. Let r = -18 + j. What are the prime factors of r?
2
Suppose -a + 2232 = 7*a. What are the prime factors of a?
3, 31
Let p(t) = 3*t**2 - 2*t + 2. Let c = 0 + 2. List the prime factors of p(c).
2, 5
Suppose 43 = j - 5*s, -2*j + 2*s - 26 = -4*j. Let g = -3 + j. Suppose -2*r = -5*w, -r + g = 2*r. List the prime factors of w.
2
Let g be ((-20)/2 - -3)*-3. Suppose -w = -x - g, -62 = 3*w - 5*w - 2*x. Suppose w = -f + 3*f. List the prime factors of f.
13
Let i be 8/(-52) + (-30)/(-26). Let p = i - -30. What are the prime factors of p?
31
Let d = -6 + 8. What are the prime factors of ((-168)/(-30))/(d/5)?
2, 7
Let y(i) = -i + 6. Let s be y(5). Let j = -1 + s. What are the prime factors of 3/(j - (-3)/2)?
2
Let s(i) = i**3 + 14*i**2 + 3*i + 23. List the prime factors of s(-12).
5, 11
Suppose -9 = -3*u + 183. What are the prime factors of u?
2
Let c be (-1)/1 - (-15 - 4). Let a be ((-6)/c)/(2/(-12)). What are the prime factors of 114/15 - a/(-5)?
2
Suppose 55 + 38 = 3*x. Suppose 5*h + x = -2*f, f + f = -2*h - 22. Let y = f - -13. What are the prime factors of y?
5
Suppose 5*m - 471 = 2*m. What are the prime factors of m?
157
Suppose -4*o + 4*b - 32 = 0, 4*o - 3*b = -o - 38. Let h(t) = 5*t + 0*t**2 - 4*t**2 - t**3 - 1 - 3 - 2*t**2. What are the prime factors of h(o)?
2, 5
Let o = -16 + 25. Suppose -o = -2*l + l. List the prime factors of l.
3
Let h be (2/(-3))/((-4)/(-6)). List the prime factors of (-9)/h - (8 - 9).
2, 5
Suppose -5*a - 355 = -2*h, h - 129 = 5*a + 61. List the prime factors of h.
3, 5, 11
Let z = 47 + -25. List the prime factors of z.
2, 11
Let j be (-4)/(-18) - (-68)/18. Suppose 0 = 3*k - k + 4*x - 4, -5*k + 10 = j*x. What are the prime factors of k?
2
Let r = -3 - -3. Suppose j - 4*f + 9 = 0, r = -5*j - 2*f - 6 + 27. What are the prime factors of j?
3
What are the prime factors of 0/(-2) - (-25)/5*17?
5, 17
Suppose -a = 2*g + 3*a - 10, 0 = -4*a + 12. List the prime factors of -3*(-6 + (-1)/g).
3, 5
Let b be 2 - -2 - 1*2. Suppose 3*q - b*q = 4. Suppose -2*g - 5*f = -f - 10, -f + 13 = q*g. List the prime factors of g.
3
Let g = 106 + -22. What are the prime factors of g?
2, 3, 7
Suppose b - 6 = -2*b. Let u be (-14)/2 - -2 - b. Let v = -4 - u. What are 